3*n + 4*h + 53 = 0, 0 = 2*n + 4*h - 60 + 18. What is the units digit of n?
9
Let f = 46 - -97. Suppose 5*t + 2*s = f, s - 4 + 0 = 0. Let l = 52 - t. What is the tens digit of l?
2
Suppose -z - 5*a + 2726 = -a, 0 = 2*z - a - 5443. What is the tens digit of z?
2
Suppose 2*r + 3*j - 7*j - 212 = 0, 310 = 3*r - 2*j. Let y = r + -58. Let a = y - 14. What is the tens digit of a?
3
Let t(k) = 217*k - 219. What is the thousands digit of t(10)?
1
Let u(t) = -t + 7. Let d be u(5). Suppose -d*w - w + 249 = 0. Let c = 141 - w. What is the tens digit of c?
5
Let h(s) = 17*s - 3*s - 7*s + 8*s + 4. What is the units digit of h(7)?
9
Suppose 0*z + 563 = z - x, -3*z = 5*x - 1721. Suppose 2*v - 479 = -b, -4*v + 2*b = -411 - z. What is the tens digit of v?
4
Let a = 8682 + -4835. What is the hundreds digit of a?
8
Let x(a) be the third derivative of 7*a**6/360 + a**5/40 - a**4/2 - 6*a**2. Let w(z) be the second derivative of x(z). What is the units digit of w(2)?
1
Let i(n) = -2*n**2 + 12*n - 5. Let z be i(5). Suppose -3*h + 77 = -4*w, z*h + 5*w - 122 = 18. What is the tens digit of h?
2
Let q(u) = u**3 - 8*u**2 + 18*u + 3. Let r(k) = k**3 - k**2 + 3*k - 2. Let m be r(2). What is the tens digit of q(m)?
4
Let u be (1/((-6)/(-180)))/2. Let n be (12 + 2)*(-1)/(-2). What is the units digit of n/3 + (-20)/u?
1
Let b(g) = 53*g - 42. What is the tens digit of b(9)?
3
Let q(b) = 3*b**2 - 9*b - 1. Suppose -6*x = -5*x - 7. What is the tens digit of q(x)?
8
Let b be 52/14 - 2/(-7). Let k be -24*((-24)/9)/b. Suppose -5*n - 4*c + k = -3*c, 2*n + c = 4. What is the units digit of n?
4
Suppose -2*o + 0*o = 0. Suppose 24 = -o*y + 3*y. What is the units digit of y?
8
Suppose -f + 2 + 0 = 0. Suppose -5*w = -12 + f. Suppose -5*n - 37 = -4*m, 1 + w = -4*m - 3*n. What is the units digit of m?
3
Suppose 5705*s - 5709*s + 5112 = 0. What is the units digit of s?
8
Let i(b) = -17*b - 14. Let o(j) = 50*j + 41. Let q(u) = 8*i(u) + 3*o(u). What is the units digit of q(2)?
9
Suppose -21*j + 6*j = -11160. What is the hundreds digit of j?
7
Let a(j) = -132*j + 323. What is the thousands digit of a(-11)?
1
Let s = -303 - -1709. What is the hundreds digit of s?
4
Let i = -4 + 7. Let q be i/(-21) - (-58)/14. Suppose -q*d = -5*m + 71, -4*m + 2*d = -2*m - 30. What is the units digit of m?
1
Suppose -4*a + 3*p + 14 = 0, 5*a = p + 8 + 15. Suppose -8*h + 24 = -a*h. What is the units digit of h?
8
Suppose -4*k + 239*z + 6663 = 242*z, -4*k + 6657 = 5*z. What is the units digit of k?
8
Suppose h = -2*m + 14, 4*h - 1 = -0*m + 3*m. Let l = h - 1. Suppose -3*p = -5*u - 84, 100 = 5*p + 2*u + l*u. What is the units digit of p?
3
Let q(f) = 9*f**2 + 10*f + 22. What is the units digit of q(6)?
6
Let h = 769 - -2233. What is the units digit of h?
2
What is the tens digit of 6/4*(3580/15 + 0)?
5
Let q(f) = -f - 1. Let d be q(-2). Let s(c) be the third derivative of 2*c**5/3 + c**3/6 - 8*c**2. What is the tens digit of s(d)?
4
Let p = 27 - 38. Let r be 20/p + (-10)/55. Let o(s) = s**2 + s - 1. What is the units digit of o(r)?
1
Let n(w) = 487*w + 4. What is the hundreds digit of n(2)?
9
Let f = 31 + -28. Suppose f*b + b = 440. What is the units digit of b?
0
Let q be ((-6)/(-1))/(12/16). Let r = -6 + q. Suppose -a + 4*k = -18, r*a - 3*a + 16 = -2*k. What is the tens digit of a?
1
Let y(v) = -v**2 + 16*v - 15. Let t be y(15). Suppose t = -6*f + 4*f + 296. What is the hundreds digit of f?
1
Let b(j) be the first derivative of 1/2*j**2 - 2 + 6*j. What is the tens digit of b(6)?
1
Suppose -47 = -5*t - 32. What is the units digit of t/((10/6)/5)?
9
Suppose 5*v + 3*x - 268 = 0, -2*v + 3*x + 116 = 2*x. Suppose g - v = 3*f, -3*f + 0*f + 262 = 5*g. What is the units digit of g?
3
Suppose -29115 = -113*r + 98*r. What is the thousands digit of r?
1
Suppose -2*o + 31 = i, 2*i + 10 + 3 = o. Let u = 64 - o. Suppose 3*p - 2 - 29 = -a, a - 3*p = u. What is the units digit of a?
0
Let t(n) = 82*n. Let u be t(1). Suppose 7*l + 874 = 573. Let v = u + l. What is the tens digit of v?
3
Let j be (9/4)/(15/280). Suppose -4*d - 502 = -3*y, -2*d + 302 + j = 2*y. What is the tens digit of y?
7
Suppose -2*q + 0*q = 2*m - 4, 4*m - 4*q = 8. Suppose -2 = x - z, -5*z - 12 = -m*z. What is the tens digit of 6/9 + (-140)/x?
2
Suppose -12493 - 93648 = -59*y. What is the hundreds digit of y?
7
What is the hundreds digit of -412*(-3 - (12 - 11))?
6
Let n be -4 - -7 - (10 + 2). What is the tens digit of n/(-6)*-2 - -54?
5
Let g = 1379 + 780. What is the units digit of g?
9
Suppose 5*c - 606 = -3*w, -2*c + 236 = 3*w - 5*w. Suppose c = 6*z - 0*z. What is the tens digit of z?
2
Suppose q - 3*h - 10 = -0, -2*h = -2*q + 12. Suppose 2*z + 40 = q*x, 3*z + 43 = 5*x - 16. Let l = z + 45. What is the tens digit of l?
2
Suppose 0*n = 3*y - n - 88, 0 = 4*y + 3*n - 100. Let i = 44 + y. What is the tens digit of i?
7
Suppose o - 1 = 3. Let l(h) = 15*h + 7. What is the units digit of l(o)?
7
What is the tens digit of (4/8*-454)/(-1)?
2
Suppose -o + y + 957 = 0, -3*o = 10*y - 15*y - 2875. What is the tens digit of o?
5
Let p(f) = f**3 - 9*f**2 + 10*f - 13. Let s be (-76)/(-10) + 4/10. Let o be p(s). Suppose 0 = o*n - 18 - 144. What is the units digit of n?
4
Let f(x) = 4*x**3 + x**2 - 61*x + 15. What is the thousands digit of f(10)?
3
Let x(z) = 9*z**2 + 89*z - 3. What is the units digit of x(-14)?
5
Let r(l) = -2*l**2 + 3*l - 6. Let i be r(5). Suppose -z - 197 + 183 = 0. Let j = z - i. What is the units digit of j?
7
Let s(r) = -1339*r**3 + 3*r**2 + 3*r. What is the units digit of s(-1)?
9
Let g be (-20 - -19)/((-1)/(-4)). Let u(c) = -2*c**3 + 3*c**2 + 6*c + 4. Let x be u(g). What is the units digit of x/16 - 9/12?
9
Suppose 5*b - 29 = -2*s, 5*s - 2*b - 29 = -0*b. Suppose -s*q = -3*q - 152. What is the tens digit of q?
3
Suppose 17*g = -17*g + 9758. What is the units digit of g?
7
Let h = -10 + 12. Let t(o) = 0*o + 3*o - 3 - 7 + o**h + o. What is the units digit of t(-8)?
2
Suppose 2098 = -4*u + 6102. What is the tens digit of u?
0
Let s(j) = 2*j**2 + 2*j + 7. Let o be s(3). Let u = -23 + o. What is the units digit of u?
8
Suppose 6*s - 2*s - 67 = -3*g, s - 5*g = 11. Suppose 3*y = -3*j + 12, -j = -5*j - s. What is the units digit of y?
8
Suppose 4*b - 2*h = 6840, -2*h + 5156 = 3*b + 3*h. What is the thousands digit of b?
1
Let o(m) = 155*m**3 - 7*m**2 + 13*m - 6. What is the units digit of o(2)?
2
Let s(i) = -i**3 - 25*i**2 + 20*i - 157. Let f be s(-26). Let l(x) = 2*x**2 + 3*x + 2. Let p be l(-4). Let v = f + p. What is the units digit of v?
1
Let o(h) = 2*h + 1 - h + 6. Let x(p) = -p. Let y be x(-10). What is the tens digit of o(y)?
1
Let z be (0 - -4) + (12 - 4). Suppose 14*m - z*m = 0. Suppose -t + 88 = 2*a, m = 3*a - t + 2*t - 134. What is the tens digit of a?
4
Let d = 68 - 18. Suppose 287 = t + d. What is the units digit of t?
7
Let z be 60/9 + 4/(-6). What is the tens digit of -7*(2 - 0 - z)?
2
Let y = 2920 - 1600. What is the tens digit of y?
2
What is the units digit of (175 - 5) + (-3 - 1)?
6
Suppose -9 = -3*a + 3. Let b = a - 2. Suppose -t = -b*l - 55 + 7, -204 = -4*t + 2*l. What is the units digit of t?
2
Let n(h) = 10*h**2 + 1. Let j be n(1). Suppose -f + j = -17. What is the tens digit of f?
2
Suppose 234*l - 233*l = -6. Suppose -5 = -3*i + 1. Let u = i - l. What is the units digit of u?
8
Let a(m) = 151*m**3 + m - 1. Let k be a(1). Suppose 0 = 2*z + 4, 0*s - k = -s - 5*z. What is the hundreds digit of s?
1
Suppose 0 = -4*p + 8*p - 2*q - 13828, 0 = p - 4*q - 3457. What is the units digit of p?
7
What is the units digit of (26/4 - 4)*-2 + 927?
2
Let d(f) = 5 + 2*f**2 + f - 4*f**2 + f + f**2. Let o(l) = -l**3 - 6*l**2 + 7*l. Let z be o(-7). What is the units digit of d(z)?
5
Suppose -4709 = -5*f - 2*r, -3*f - r + 1598 = -1228. What is the tens digit of f?
4
Suppose 6*k + 45 = 57. Suppose k = -2*h, 5*z + 2*h + 86 = 349. What is the units digit of z?
3
Let p = 6111 - 1477. What is the units digit of p?
4
Let o = -6 - -10. Suppose -2*n + 48 = 4*t, 4*t + 25 = 7*t - 4*n. Let p = t + o. What is the units digit of p?
5
Suppose 9*k + 144 = 5*k. Let w = k + 58. Let h = 3 + w. What is the units digit of h?
5
Let x = 4 - 12. Let p(g) = -7*g - 21. What is the tens digit of p(x)?
3
Let l = -25 + 25. What is the tens digit of 36 + l + (4 - 3)?
3
Suppose 8 = g -